 o(s) = -199*s**3 - s**2 - 4*s - 3. Let p(j) = -996*j**3 - 5*j**2 - 21*j - 14. Let v(h) = -11*o(h) + 2*p(h). Is v(4) a prime number?
True
Let c(f) = 666*f**2 + 4*f + 1. Let b(i) be the first derivative of -665*i**3/3 - 3*i**2/2 + 25. Let u(p) = -4*b(p) - 3*c(p). Is u(4) prime?
True
Is (-2 + (12 - 7))*(-174392)/(-24) composite?
False
Let b = 632 - 934. Let t = b + 970. Suppose -3*n - 4*o - t = -3030, o + 5 = 0. Is n a prime number?
False
Suppose 44*g - 3*u - 39 = 40*g, u - 3 = 0. Is -596*2/g*(-12)/8 composite?
False
Let o(d) = -2*d**2 - 21*d + 23. Let a be o(-11). Is ((-1986)/a)/((-11)/638) prime?
False
Let y = -2140 + 2143. Suppose -1331 = -5*p + 4669. Is p/(0 - -3) - (2 - y) prime?
True
Let z = 19131 - 13342. Suppose 2*c - z = 1785. Is c a composite number?
True
Let h be ((-16)/180)/((-4)/10)*9. Suppose 5*w + 4*j - 143709 = 0, -11*j - 57477 = -h*w - 6*j. Is w prime?
False
Let g(n) = -n + 12. Let c be g(10). Let w = -802 + 1383. Suppose c*f = f + w. Is f a prime number?
False
Suppose -2*g = s - 55389, s - 55387 = -2*g + 2*s. Suppose g = 11*x + 711. Is x a prime number?
False
Let a(x) = 347*x**2 + 12*x - 94. Is a(5) composite?
False
Let g(q) = -8037*q - 121. Is g(-14) a composite number?
False
Let z = 400 + -407. Let j(m) = -4*m**3 - 2*m**2 + 17*m - 14. Is j(z) a prime number?
False
Let i(v) = -41*v + 5. Let h be i(1). Let z = h + 1673. Is z composite?
False
Let j(b) = -2955*b - 2. Suppose 10*r + 3*r + 13 = 0. Is j(r) a composite number?
False
Let p be ((-198)/36)/(2/(-4)). Let v(n) = -p + n - 13*n + 9*n - 41*n. Is v(-2) a prime number?
False
Suppose 4*p = -5*k + p + 88520, -4*p + 53101 = 3*k. Is k prime?
True
Suppose -9*c + 31064 = 2*m - 5*c, 2*c = -2*m + 31056. Suppose 2*w + 4026 = m. Is w prime?
True
Let l(i) be the second derivative of -260*i**4/3 + 12*i. Let h be l(1). Let o = h + 1663. Is o composite?
True
Let d(g) = -59357*g - 604. Is d(-3) a prime number?
True
Suppose -1774428 + 117557 = -211*r + 173976. Is r a prime number?
True
Let g be 13/4 - (-33)/44. Suppose 0 = g*k - 4302 - 4142. Is k composite?
False
Suppose -73640 + 73917 = -4*o + 164753. Is o prime?
False
Let f be 6/27 + -6 + 518/18. Suppose f*x - 42256 = -15185. Is x a composite number?
True
Let t be ((-128340)/(-25))/((-9)/(-45)). Suppose 32859 = 9*b - t. Is b a composite number?
True
Is 0 + -2 - (-7549140)/47 a prime number?
False
Let w be 5/(5/(-438))*576/(-27). Let y = -4186 + w. Is y composite?
True
Suppose 0 = -12*m + 21*m - 45. Suppose 0*r + m*r - 8 = 4*u, -2*u + 26 = 5*r. Suppose -r*a - 6265 = -9*a. Is a composite?
True
Suppose -5*i = -5*d - 65770, 281*d = -5*i + 279*d + 65805. Is i a composite number?
False
Let d = 944 + -942. Suppose c - m = d*m + 13292, 0 = m + 1. Is c prime?
False
Let w = -987 - -70796. Is w composite?
False
Suppose -4*g + 895120 = 4*f, 33*g = 28*g + 2*f + 1118907. Is g prime?
True
Let r(j) = 158*j**3 - j**2 - 5*j - 4. Let t be r(-1). Is 333/(-66)*t + (-2)/11 a composite number?
False
Let o(v) = 9*v - 102. Let n be o(12). Suppose -16*y = n*y - 489962. Is y a prime number?
True
Suppose -4*c - 2*n = 2, 2*n - 30 = 5*c - 5. Is (c/12*-223)/(39/156) a composite number?
False
Let l(a) = -2*a**2 - 11*a - 4. Let y be l(-5). Is y - 9936/((-30)/5) a composite number?
False
Let f be (226/(-3)*29)/(34/(-102)). Suppose -5*i + 3*i = -f. Is i a composite number?
True
Let r(x) = 88*x**2 + 6*x - 1. Let v(u) = 10*u - 7. Let f = 147 + -146. Let i be v(f). Is r(i) prime?
True
Let g = -17917 + 30293. Suppose 5*p + 11377 = -5*j + 31987, -3*p - j = -g. Is p prime?
True
Let a(d) be the second derivative of 557*d**3/6 + d. Suppose 34 = 3964*s - 3930*s. Is a(s) prime?
True
Let u(n) = -33*n**3 + 7*n**2 - 7*n - 5. Let c be u(-4). Let b = -1208 + c. Is b a composite number?
False
Let z(n) = -203*n + 3. Suppose 11*p - 3*p + 0*p = 0. Suppose 3*c + p + 6 = 0. Is z(c) a prime number?
True
Suppose -5*h - 5*q + 444 = -4121, 0 = -4*h - 3*q + 3653. Is -2 + (0 - 26)*h/(-4) a composite number?
False
Let n = -13746 + 36997. Is n a composite number?
False
Let v(u) = 206*u - 329. Let k be v(-24). Let c = -3690 - k. Is c composite?
False
Suppose -b = 2*t - 186, 4*t + 3*b - 127 = 243. Let a = 547 - -285. Suppose -3*j = 4*n - a, -n - 2*j + 297 - t = 0. Is n composite?
False
Suppose -2*d = 3*p - 11136 - 7304, 2*d - 3*p = 18476. Is d a composite number?
True
Let n = 15 - 13. Let m(p) = 3*p**2 - 4*p + 2. Let y be m(n). Suppose 0 = -0*c + y*c - 13326. Is c prime?
True
Let l(u) = -11910*u + 2581. Is l(-58) a prime number?
False
Suppose 20*j + 6531 - 82451 = 0. Let k = 1997 + j. Is k a composite number?
True
Let w(l) = -6*l**2 + 83*l - 12. Let a be w(7). Is (110/a)/(-1*(-1)/28465) a composite number?
True
Let s = 7566 - 2229. Let d = -7026 - -10030. Let r = s - d. Is r prime?
True
Let y(u) = -u**2 - 9*u - 7. Suppose 5 - 13 = m. Let g be y(m). Let k(h) = 136*h + 3. Is k(g) a composite number?
False
Let l(r) = -r**3 + 5*r**2 + 13*r + 5. Let z be l(7). Is (13/z + 5)*(-42556)/6 composite?
False
Let t(j) = 12*j + 7. Let f(v) = 5*v + 10. Let i(b) = 6*b + 11. Let q(s) = 7*f(s) - 6*i(s). Let g be q(0). Is t(g) composite?
True
Let n be ((-254)/8)/(3/(-96)). Let v be 1*(-1 - -1 - n). Let x = v - -1687. Is x a prime number?
False
Is -3 - -242254 - 102/187*264/18 a prime number?
True
Let l = -2 - 0. Is -3 + 122 + l + -2 a composite number?
True
Let j(m) = -m**3 + 17*m**2 + 14*m - 1. Suppose 0 = -12*t + 9*t + 15. Suppose 103 - 153 = -t*s. Is j(s) prime?
True
Suppose -5*p + 107609 - 37626 = -x, 2*p - 27992 = x. Is p composite?
False
Let k be (30321/6)/3*180/2. Suppose w - 5*x - 121266 = -3*w, -5*w = 5*x - k. Is w composite?
False
Let j be ((-100)/(-6))/((-2)/(-3)). Suppose -j*h + 40 = -20*h. Suppose 0 = h*a + 203 - 2211. Is a composite?
False
Is (324504 - 9/(-9)) + -2 + 2 prime?
False
Suppose 0 = 43*x - 44*x + 52618. Is x a composite number?
True
Let q(w) = 559*w - 168. Let a(p) = -56*p + 403. Let o be a(7). Is q(o) a prime number?
True
Suppose 4*t - 4226 - 1146 = 2*k, -4*t = -5*k - 5378. Suppose -f = w + 94 + 173, 5*f = 2*w - t. Is (f/(-12) - 0)/(1/39) prime?
False
Let q(c) = -c - 21. Let v be q(-9). Let g = v - -27. Suppose g*y - 16*y = -262. Is y a prime number?
False
Let j = -4 + 8. Suppose k - 5*k + 39181 = 5*d, 3*d = -j*k + 39187. Is k a prime number?
False
Suppose 3655156 = 12*q - 2*q + 585246. Is q a composite number?
False
Suppose 4*s + 3*a - 22 = 0, -26 = -4*a - 18. Suppose -5367 = -5*m - f, 0*m - s*f = -5*m + 5357. Is m prime?
False
Let o(x) = -13*x**3 - 19*x**2 + 29*x - 161. Is o(-18) composite?
True
Suppose 2163*j - 2152*j - 87923 = 0. Is j prime?
True
Suppose 17*o = 19*o - 8160. Let n be o/210 - ((-12)/14)/(-2). Suppose -j + 2*m + 82 = -n, 5*m - 166 = -2*j. Is j prime?
False
Let w(j) = 5*j + 53. Let k be w(3). Let o = k + 59. Is o composite?
False
Let p be (47568/36)/(2/6*2). Suppose -g + 2*w = -1579 - p, 3*w = 0. Is g a composite number?
True
Suppose -41 = -8*t - 17. Suppose -4*b = 4*v - 412, -2 = t*b - b. Let g = -57 + v. Is g prime?
True
Suppose -1297317 - 1496782 = -26*u - 807855. Is u prime?
False
Let c be 1*2/(-10) + 74304/320. Suppose -3*l - c + 985 = 0. Is l prime?
True
Let r(k) = 1655*k**2 - 446*k - 2. Is r(-7) prime?
False
Let w(m) = 38*m**2 + 16*m - 60. Let d be w(5). Suppose 0 = -5*x + o + 2443, 28*x = 30*x - 4*o - d. Is x a composite number?
True
Let i(c) be the third derivative of 11*c**5/15 + 13*c**4/24 + 22*c**3/3 + c**2 - 10*c. Is i(-9) a prime number?
True
Let w be 94/30 + (-4)/30 + 0. Let g be (-3 + w + 1)*21. Let q = 36 - g. Is q a composite number?
True
Let f(l) = 34786*l + 7389. Is f(7) composite?
True
Let d(h) be the third derivative of 67*h**6/120 + h**5/60 + h**3/6 - 69*h**2. Is d(2) a prime number?
True
Let c = 33344 + 13338. Suppose 8*u = -9*u + c. Is u a prime number?
False
Let c = -56 - -56. Let q be (c + -1)*32532/(-12). Suppose -10401 = -2*n - q. Is n a composite number?
True
Let m = 157 - 72. Let x = m + -81. Suppose 90 = -x*w + 462. Is w composite?
True
Let o = 39162 - 5039. Is o prime?
True
Let o(j) = 441*j + 6413. Is o(24) composite?
True
Let h be (-25952)/(-5) - (-8)/(-20) - -1. Let d = -2784 + h. Is d composite?
True
Let g(v) = 9537*v**2 + 166*v + 1877. Is g(-10) a composite number?
False
Let p(q) be the third derivative of q**6/120 - q**5/2 + 5*q**4/8 + 13*